the units digit of a(3)?
8
Suppose -3*u + 139208 = 6*u - u. What is the units digit of u?
1
Let t(d) = 47*d - 61. Let n(l) = -140*l + 183. Let s(b) = -3*n(b) - 8*t(b). What is the tens digit of s(10)?
7
Let c be (-1*1 + 1)/(-22 - -21). Suppose -5*k + 11*k + 48 = c. What is the units digit of (246/5)/(k/(-20))?
3
Let g be (-3 + -1)*(-2)/2. Let v be g + -1 + -1 + 1. Let i = v + 24. What is the units digit of i?
7
Let l = -15461 + 21715. What is the hundreds digit of l?
2
Let b(a) = 8*a - 1. Let i be b(1). Let c = i + -7. What is the tens digit of ((c - 3) + -50)*-1?
5
Let w(i) = 29*i - 1. Let x be w(1). Let p be 126/10 - x/(-70). Suppose -3 = -b + 3*j, 0 = -3*b + 5*j - 0*j + p. What is the units digit of b?
6
Let a(v) = v**3 + 122*v**2 + 279*v - 133. What is the thousands digit of a(-114)?
2
Let p = 677 + 440. Let s = -108 + 122. Suppose -1025 = -s*c + p. What is the units digit of c?
3
What is the hundreds digit of 5/(21672/(-21742) + 1)?
5
Let k(g) be the second derivative of -g**3/6 + g**2/2 + 2*g. Let m be k(-3). What is the tens digit of 58/m*(5 - 3)?
2
Let o(v) = v**2 + 121 - 71*v + 38*v + 20*v. What is the hundreds digit of o(0)?
1
Let w be (-2)/(-39)*3 + (-462)/(-39). Let l be (36/w)/((-1)/(-3)). Suppose 0 = 5*t - l*t - o + 203, 3*t - 4*o = 176. What is the tens digit of t?
5
Suppose 0 = 5*v - 5*m - 305, -5*v + 6*v + m - 63 = 0. Suppose 0 = 17*o - v*o + 24030. What is the hundreds digit of o?
5
Let o(j) = 6025*j**2 - 1. What is the units digit of o(1)?
4
Let f(i) be the second derivative of -i**5/20 - 15*i**4/4 - 107*i**3/6 - 44*i**2 + 60*i. What is the tens digit of f(-43)?
1
Suppose -4*u + y - 83 = 0, -5*u - 3*y - 24 = -4*u. Let p be 10/6*u/(-7). Suppose -p*k = -24 - 576. What is the units digit of k?
0
Suppose -6*k + 10*k = 484. Let b = 477 - k. What is the hundreds digit of b?
3
What is the thousands digit of -4 + -2424*(-13 - -11)?
4
Let u(j) = -j**3 - 8*j**2 - 16. Let t be u(-8). Let x(s) = s**3 + 18*s**2 + 18*s - 18. What is the tens digit of x(t)?
0
What is the units digit of 122/1525 + (-163623)/(-25)?
5
Suppose -6712 = -14*m + 6812. Let l = m + 151. What is the units digit of l?
7
Let y = 470 - 330. Suppose -d = 4*l + l - y, 368 = 3*d + 2*l. What is the tens digit of d?
2
Let d = -6433 + 12292. What is the units digit of d?
9
Let a(k) = -10*k + 140. Let v be a(14). Let m(w) = 3*w**2 - 6*w + 928. What is the units digit of m(v)?
8
Let h = 15481 - 9733. What is the thousands digit of h?
5
Let b(x) = -28*x**3 - x**2. Let r be b(2). Let i = -61 - r. Let m = i + -114. What is the tens digit of m?
5
Let k be (2/(-4))/((-330)/(-48) - 7). Let q(x) = 38*x + 79. What is the hundreds digit of q(k)?
2
What is the units digit of 1*-974*(-2)/4*(71 + -33)?
6
Let s be (-6 - -9)*(3 - (-2 + 2)). Suppose -s*d + 27 = -0. Let w(y) = y**2 + 3*y - 13. What is the units digit of w(d)?
5
Let n = -83 - -85. Suppose 4*o - 968 = -p, -2*p + 5*o = n*p - 3767. What is the units digit of p?
8
Let n(v) = 8*v + 44. Let g(d) = 15*d + 86. Let l(h) = 3*g(h) - 5*n(h). Let o be (6/(-4))/(6/(-76)). What is the units digit of l(o)?
3
Suppose -u = -0*q + 4*q - 16, 4*q - 40 = 5*u. Suppose -q*o - 5 = 0, 3*o - 2*o = -2*c + 167. What is the units digit of c?
4
Suppose 2*r + 26*f - 27*f - 17046 = 0, 5*r + 3*f - 42626 = 0. What is the tens digit of r?
2
What is the thousands digit of (-1206)/(-1608) + (-2571)/(-8)*6?
1
Let x = -45 - -48. Suppose 5*u - x*g = -0*g + 707, -3*g - 423 = -3*u. Suppose -m + 3*f + u = m, 2*f - 8 = 0. What is the units digit of m?
7
Let u = 28 - -14. Let q = 45 - u. Suppose -8*g + 155 = -q*g. What is the tens digit of g?
3
Let c(y) = 7048*y**2 + 102*y + 281. What is the thousands digit of c(-3)?
3
What is the units digit of 3/(6/10) + (-366531)/(-33)?
2
Let h = 362 + -223. What is the tens digit of (74 + -68)/(2/h)?
1
Let o = 29 + -24. Suppose 2*r + 6 = -4*j - 0, -2*r + o*j = 6. What is the tens digit of -7 + 4 - (171/r + 2)?
5
Let k = 13 + -9. Let a be -1*(k - 0) - -4. Suppose 0*m + 101 = m - 4*x, a = -m + 2*x + 95. What is the tens digit of m?
8
Let v(g) = -14*g**3 - 5*g**2 - 19*g - 59. What is the hundreds digit of v(-4)?
8
Let y(k) = -1731*k - 2429. What is the tens digit of y(-25)?
4
Suppose -108*p + 534532 + 132800 = -135108. What is the units digit of p?
0
Suppose 5*b - 5962 = -5*q + 228, -q - 2*b = -1236. Let t = q + -599. What is the units digit of t?
1
Let q be (-66)/231*(26/(-2) - 1). Suppose 4*j = -2*u - 30 - 10, -3*u + 40 = -q*j. What is the tens digit of 27 + 4*j/(-8)?
3
What is the thousands digit of (4643002/455)/(2/5)?
5
Suppose 0 = 4*c + 3*w - 31, -2*c + 3*w + 2 - 9 = 0. Suppose 0 = -c*g + 22*g - 20196. What is the units digit of (g/9)/(16/24)?
7
Let i(a) = 539 + a**2 - 268 - 266. Suppose -3*x = 2*x + 4*p + 16, -4*x - p - 15 = 0. What is the units digit of i(x)?
1
Let k = -2341 + 4394. Suppose -1820 - 225 = -5*i - 5*j, 0 = 5*i - 3*j - k. Let h = -167 + i. What is the tens digit of h?
4
What is the ten thousands digit of 4/((-8)/(-100442)) + (-218 - -222)?
5
Suppose -188796 = 379*w - 391*w. What is the hundreds digit of w?
7
Suppose 0 = -2*g - 14*g - 48. Let h(s) = -86*s - 7. Let k be h(g). Suppose -2*m = -5*a - k, -3*m = m - 4*a - 496. What is the units digit of m?
3
What is the tens digit of (-3*(-27226)/36)/((-6)/(-36))?
1
Suppose 4*s - 867510 = -115*s. What is the thousands digit of s?
7
Suppose 1 = -q + 4*i + 9, -2*q = -2*i + 2. Let g(l) = 7*l - 73. Let r(h) = -6*h + 85. Let b(x) = -5*g(x) - 4*r(x). What is the units digit of b(q)?
9
Suppose 0 = 23*y - 475 - 376. Let p(i) = i**3 - 37*i**2 + 2*i - 66. What is the units digit of p(y)?
8
Suppose 39583 = 2*x - d + 2*d, 19814 = x + 5*d. What is the tens digit of x?
8
Suppose -6*g + 64 = 94. Let f be 7 + g + 0/2. Suppose 471 = 4*n - s, -4*n - f*s - 2*s = -456. What is the hundreds digit of n?
1
Let z be (2 - 100/(-16)) + (-2)/8. Let n be (206/(-6))/(z/3 - 3). Let u = n - 17. What is the tens digit of u?
8
Let k be (3*51)/((-1)/(-15)). Suppose 13*j - 48 = -32 + 192. Suppose -o = j*o - k. What is the hundreds digit of o?
1
Let k(n) = 2*n**2 - n - 2495. Let h be k(0). Let w = 1725 + h. What is the tens digit of w/(-8) + -2 + (-28)/(-16)?
9
Let y(u) = 23*u**2 - u**2 + 26*u + 19 - 22*u - 2 + u**3 + 32. What is the hundreds digit of y(-20)?
7
Let w(d) = d**3 - 2*d**2 - 9*d + 31323. What is the ten thousands digit of w(0)?
3
Let w = -1480 + 2574. Suppose 2*b + d = 2*d + w, -2182 = -4*b - d. What is the units digit of b?
6
Suppose f = -2*f + 9*f. Suppose -8*r + 10*r + 2*w - 1398 = f, 5*r = 2*w + 3488. What is the tens digit of r?
9
Let y be (7 - 7) + (1*7 - 1). Let a be (-4)/y - (-1)/(-3)*-2. Suppose -2*n = -a*d - d + 20, -3*d + n = -85. What is the tens digit of d?
3
Suppose 4*m = -u + 5843, 4*m + 5*u - 3*u = 5842. Let h = 2230 - m. What is the hundreds digit of h?
7
Let v(m) = 116*m**2 - 4*m + 3. Let r be v(2). Let t be (3/9)/(1/r). Let h = -59 + t. What is the units digit of h?
4
Let p(f) = 17*f**3 + 18*f**2 - 150*f - 70. What is the tens digit of p(7)?
9
Let y = -10306 - -31236. What is the tens digit of y?
3
Let o = 4741 + -3371. What is the thousands digit of o?
1
Suppose 210 = -5*j + 835. Suppose 0 = 4*t + a - j, -2*a = -3*t - 0*a + 91. Suppose 3*f - t = 23. What is the tens digit of f?
1
Let z = -18 + 20. Suppose -q + r = -182, 6*q - r = z*q + 740. What is the tens digit of q?
8
What is the thousands digit of (-41518)/(-8) - 910/520?
5
Suppose -76 - 164 = -6*y. What is the hundreds digit of -164*(-5)/y*8?
1
Let k = -71822 - -108264. What is the thousands digit of k?
6
Suppose 4*u + 126 = -2*p + 588, -2*p = u - 453. What is the units digit of (-4 + 10)/((-219)/p - -1)?
5
Suppose -3*i + 5 = -13. Suppose -1318*t + 1309*t = -27. Suppose 5*m + n - 235 = i*n, -t*n + 9 = 0. What is the units digit of m?
0
Suppose 5*g = -3*g + 1496. What is the hundreds digit of 229/(g/221 - 2/(-13))?
2
Suppose -1264 - 4608 = 4*x. Let n = -831 - x. What is the hundreds digit of n?
6
Suppose 18*t = 5*t - 4225. What is the hundreds digit of (-3)/(-6)*t/(-10)*20?
3
Suppose -2*m + 6*m = 8, 2*m = 5*b - 41. What is the hundreds digit of 3396/b + (-6)/18?
3
Suppose 6 - 16 = -5*l. Suppose l*u - 128 = -u - 4*i, 3*u - i = 148. Suppose 3*t - u = -2*n, -2*t + 80 = 3*t - 2*n. What is the units digit of t?
6
Let d(u) 